t is the units digit of 0 + k/(6/h)?
5
Let x be 5 - 320 - 1/(-2)*-6. Let u = 575 + x. What is the tens digit of u?
5
Let k = -7 + 1. Let f be ((-8)/k)/(1/3). Suppose 0 = f*d - 61 + 1. What is the tens digit of d?
1
Suppose -12 = -4*s - 68. Let y = s + 16. Suppose y*c = -5*j + 130, 4*c - 10 + 2 = -j. What is the units digit of j?
8
Let r(m) = -m**2 + 28*m - 14. Let b be r(8). What is the units digit of -2 + b - (1 - 2)*-2?
2
Let u(f) = 0 - 2*f - 2 - 7 - 3. Let a be u(-6). What is the units digit of (-2 + a)*-1 - 1?
1
Let q(m) be the second derivative of m**3/3 + 14*m**2 - 185*m. Let r be (-2)/(-7) - 2/7. What is the tens digit of q(r)?
2
Let k be -3 - 11*(-2 - 3). Suppose -k*q = -56*q + 220. What is the units digit of q?
5
Let a(n) = -14*n - 515. Let l be a(-37). Let y(g) = 7*g**3 + 3*g**2 + g - 2. Let w be y(3). Suppose w = l*b + 49. What is the tens digit of b?
5
Let b(q) = -q**2 - 53. Let w be b(0). Let m = -27 - w. What is the units digit of m?
6
Suppose -116784 = -13*h - 11*h. What is the units digit of h?
6
Let q = 15 + -11. Suppose 5*c + 10 = 4*z, -2*c - 14 = -q*c - 2*z. Suppose -c*y = -6*y + 100. What is the tens digit of y?
2
What is the tens digit of 3/(-3*(-2)/1358)?
7
Let f be ((-5)/(-10)*4)/2. What is the units digit of (2/f)/(2/37)?
7
Let n be ((4 - 6) + 4)*15. Suppose 0*i - i = -5*o + 30, n = 5*o + 2*i. What is the units digit of o?
6
Let u(i) = 4*i**2 + 17*i + 39. What is the tens digit of u(-23)?
6
Suppose -4*y + 20 = 0, k = -4*k - y + 15. Let z(i) = -4*i - 4*i - 4 + 6*i**2 - 2 - 5*i**k. What is the units digit of z(9)?
3
Suppose 0 = -5*u + 4*y + 13, 4*u + 0*u + y = 2. What is the units digit of u?
1
Suppose a = 4*h + h + 224, -5*h = -3*a + 222. Suppose -8*k - 173 - 115 = 0. Let c = k - h. What is the units digit of c?
9
Let i be (-138)/115*(-2090)/3. Suppose -26*q = -22*q - i. What is the hundreds digit of q?
2
Let m(t) = 2*t**2 + 7*t + 3. Let p = 14 + -21. What is the units digit of m(p)?
2
Let q be (-6)/(-24)*0 + 6/2. Suppose -21*x + 4860 = -q*x. What is the hundreds digit of x?
2
Let f(u) = 4*u**3 - 2*u**2 - 2*u. Let s be f(-1). Let r = s + 13. What is the units digit of r?
9
Let g = 901 - 420. What is the hundreds digit of g?
4
Let h = 28 + -27. Let b be (0 - h)*(1 - 3). Suppose b*g - 6 - 2 = 0. What is the units digit of g?
4
Suppose -5*b - 5*i + 15 = -10, 0 = 5*b + 2*i - 16. Let h be (16/6)/((-4)/(-6)). Suppose -2 = -x + o - h, 4*x + b = 2*o. What is the units digit of x?
1
Let z = -667 + 1276. What is the tens digit of z?
0
Let h(n) = -15*n + 2*n**2 + n**2 + 25*n - 21. What is the units digit of h(5)?
4
Let u(q) = -q**2 - 9*q - 4. Let m be u(-8). Suppose 7*b = m*b + 9. Suppose -43 + b = -5*o. What is the units digit of o?
8
Suppose 10*l + 172 = -108. What is the tens digit of 3111/15 + l/70?
0
Suppose -24*n - 3020 = -26*n. What is the units digit of n?
0
Let g = -65 - -109. Suppose 10 = 2*w + g. Let r = w - -52. What is the tens digit of r?
3
Let l(o) = 7*o**2 - 4*o + 6. Let m(p) = 7*p**2 - 3*p + 5. Let u(w) = 3*l(w) - 4*m(w). Let c be u(2). Let r = c + 58. What is the tens digit of r?
2
Suppose 5*s - 1375 = w, 4*w - 880 - 244 = -4*s. What is the tens digit of s?
7
Suppose -5*c + 3202 = 1027. What is the tens digit of c?
3
Let p(v) = -9*v - 4 - 7 - 1 + 2. Let n be p(-6). Suppose 2*s + 4*t = 2*t + n, 2*s + t - 49 = 0. What is the tens digit of s?
2
Let v = 34 + -32. Suppose -3*a - v*a + 79 = 4*y, 2*y - 3*a - 45 = 0. What is the units digit of y?
1
Let x = 308 - -63. Suppose 0 = -2*f - 5*p + 175, 4*f + 4*p - x = p. What is the tens digit of f?
9
Let n be ((-387)/(-3))/((-2)/(-2)). Suppose 0 = 2*w - 19 - n. What is the tens digit of w?
7
Suppose -2*m + 14 = 2*y, -9*m + 3*y = -14*m + 27. Let z(n) = -n**2 + n + 2*n**3 - 4*n + 6 + 0*n**3. What is the units digit of z(m)?
2
Suppose 1047 = -5*a + 3927. Let z = a + -284. What is the tens digit of z?
9
Let w be (2/8)/((-2)/(-184)). Let r = -31 + w. What is the units digit of ((-186)/(-8))/((-3)/r)?
2
Let i(b) = 88*b - 150. What is the tens digit of i(7)?
6
Let g = -1526 + 2608. What is the tens digit of g?
8
Let w = 3 + 0. Suppose -12 = o - w*o. Suppose -3*l + o = -2*l. What is the units digit of l?
6
Suppose 4*c = -c + 20. Suppose 5*t + 52 = t + c*q, q - 22 = 2*t. Let y(u) = -u**2 - 11*u + 3. What is the units digit of y(t)?
1
Suppose 0 = 36*x - 40*x + 792. What is the tens digit of x?
9
Let k(w) = -50*w + 385. What is the tens digit of k(-21)?
3
Let l(k) = 3*k - 16. Let o(c) = -4*c + 24. Let i(x) = 7*l(x) + 5*o(x). Let h(b) = 2*b + 17. Let j(y) = -2*h(y) + 5*i(y). What is the units digit of j(0)?
6
Let x(a) = a - 5 - 2 + 2 + 1. What is the units digit of x(7)?
3
Let h be (10/6)/(((-20)/(-18))/(-10)). What is the units digit of (-50)/h*96/10?
2
Suppose 0*c + 5*q = 4*c - 52, 0 = c + 2*q. Suppose -4*o = -4 - c. Suppose 1 = -k, o*i + 0*k + 2*k = 61. What is the tens digit of i?
2
Suppose -3*a - 1381 = -2*l, 4*a + 1205 + 175 = 2*l. What is the tens digit of l?
9
Let u(h) be the first derivative of -h**6/24 - h**5/20 - 5*h**2/2 - 3. Let f(x) be the second derivative of u(x). What is the units digit of f(-2)?
8
Let k(v) = -3*v**3 + 10*v**2 - 4*v - 1. Let x be k(4). Let w = -11 - x. What is the units digit of w?
8
Suppose 12 = 5*t + 11*p - 7*p, -4*t - 4*p = -8. Suppose 0 = 3*n - 6*n - 3. Let v = t + n. What is the units digit of v?
3
Suppose 35288 = 35*q + 53*q. What is the hundreds digit of q?
4
Let f be -119 + (24/7 - (-8)/14). Let l = 253 + f. What is the units digit of l?
8
Let i = -398 - -1130. What is the units digit of i?
2
Suppose l = -2*l - 3*o - 21, -4*o = 0. Let u be 1 + 2 + -3 + 26. Let s = l + u. What is the units digit of s?
9
Suppose -5*o + 3*i = -6 + 3, 2*o - 3*i - 3 = 0. Suppose q - 11 - 11 = o. What is the tens digit of q?
2
Suppose 0 = 7*l - 4*l + 162. What is the units digit of (-2)/(-9) + (0 - 3066/l)?
7
Let a(s) = -s**2 + 12*s + 13. Let f be a(13). Suppose 6*b = -f*b + 204. What is the units digit of b?
4
Let v be 1 + (4 + -6 - -5). Let s(x) = -x**2 + 5*x + 4. Let r be s(6). Let h = v + r. What is the units digit of h?
2
Suppose 3*a + 0*a + 15 = 0, 0 = -3*t + 5*a + 2644. What is the hundreds digit of t?
8
Suppose 3*c + 31*n = 35*n + 4886, 2*c - 2*n - 3254 = 0. What is the hundreds digit of c?
6
Let d(h) = -19*h + 7. Let n be d(10). Let b = 304 + n. Suppose 2*v - v = -5*k + b, -2*k = -v - 54. What is the tens digit of k?
2
Let o = -2 - -9. Suppose -461 = -2*b - o*q + 2*q, b - 224 = 4*q. What is the hundreds digit of b?
2
Suppose -b = n - 47, -5*b + 5*n - 2*n + 211 = 0. Let d = b + 6. Suppose 2*y + 3*y - d = 0. What is the tens digit of y?
1
Let q(f) = 7*f. Let p be q(3). Suppose 6*w - 3*w - 33 = 0. Let u = p - w. What is the tens digit of u?
1
Let q(h) = h**2 + h - 1. Let p(o) = o**3 + 6*o**2 + 9*o + 12. Let f(b) = -p(b) - 4*q(b). Let g be (-2)/(-3) - 87/9. What is the units digit of f(g)?
8
Suppose -4*d = -0*d + 12. Let f be d/(-1)*-4*-4. Suppose -4*k - f = -6*k. What is the tens digit of k?
2
Let l = 25 - 13. Suppose l = -6*s + 4*s. Let f = 9 + s. What is the units digit of f?
3
Let d(b) = -b**3 + 32*b**2 - 25*b + 3. What is the hundreds digit of d(15)?
4
Let c(z) = -31*z**3 + 2*z**2 - 1. Suppose 2*t = -5*o - 81, -5*t + 3*o - 190 + 65 = 0. Let h be t/(-42) + 10/(-6). What is the tens digit of c(h)?
3
Let r(d) = -d**3 + 13*d**2 - 12*d + 1. Let n be r(12). Let p(j) = 3*j + 2. Let o be p(2). Suppose -n = g - o. What is the units digit of g?
7
Let r = -21 + 29. Let f(m) = -4*m + 17. Let y(q) = -12*q + 51. Let l(b) = -7*f(b) + 2*y(b). What is the units digit of l(r)?
5
Let f be ((-2)/(-3))/(((-8)/(-12))/2). Suppose 4*l - 116 = -2*r, -16 = -6*r + f*r. What is the tens digit of l?
2
Suppose 5*w + 147 = 2*w. Let l = w + 161. What is the tens digit of l?
1
What is the tens digit of (1704/(-16) + 1)/(3/(-6))?
1
Suppose 0 = k - 65. Suppose -7*y = y - 344. Let l = k - y. What is the tens digit of l?
2
Let v = 2 - 2. Suppose v = g - n - 27, 39 = -5*g + 6*g + 3*n. Suppose 0 = 8*l - 3*l - g. What is the units digit of l?
6
Suppose -4*i + 617 = w, 5*w = -4*i + 882 - 277. Let y = i - 139. What is the tens digit of y?
1
Suppose -68*r + 107236 - 21760 = 0. What is the hundreds digit of r?
2
Let m = -35 + 39. Suppose -m*u + 280 = 2*x + 2*x, 0 = -u - 5*x + 66. What is the tens d